{"id":517,"date":"2025-05-03T15:20:17","date_gmt":"2025-05-03T15:20:17","guid":{"rendered":"https:\/\/queffe.it\/?page_id=517"},"modified":"2025-05-03T15:20:17","modified_gmt":"2025-05-03T15:20:17","slug":"avvertenza","status":"publish","type":"page","link":"https:\/\/queffe.it\/?page_id=517","title":{"rendered":"Avvertenza"},"content":{"rendered":"<p>Nelle pagine che seguono parler\u00f2 di voglia di vivere e di speranza, ma a partire da malattia e sofferenza. Parler\u00f2 anche di prevenzione, chieder\u00f2 al lettore di immedesimarsi nella condizione di malato e gli parler\u00f2 come se il mio modo di affrontare tutto questo, un giorno, potesse tornare utile anche a lui.<\/p>\n<p>Chiedo scusa a chi dovesse sentirsene turbato.<\/p>\n<h6 style=\"text-align: center;\"><a href=\"https:\/\/queffe.it\/?page_id=388\">TORNA ALLA SEZIONE PRECEDENTE<\/a> &#8211;<a href=\"https:\/\/queffe.it\/?page_id=348\"> INIZIA A LEGGERE<\/a><\/h6>\n","protected":false},"excerpt":{"rendered":"<p>Nelle pagine che seguono parler\u00f2 di voglia di vivere e di speranza, ma a partire da malattia e sofferenza. Parler\u00f2 anche di prevenzione, chieder\u00f2 al lettore di immedesimarsi nella condizione di malato e gli parler\u00f2 come se il mio modo di affrontare tutto questo, un giorno, potesse tornare utile anche a lui. Chiedo scusa a [&hellip;]<\/p>\n","protected":false},"author":1,"featured_media":0,"parent":388,"menu_order":0,"comment_status":"closed","ping_status":"closed","template":"","meta":{"footnotes":""},"class_list":["post-517","page","type-page","status-publish","hentry"],"yoast_head":"<!-- This site is optimized with the Yoast SEO plugin v27.5 - https:\/\/yoast.com\/product\/yoast-seo-wordpress\/ -->\n<title>Avvertenza - i racconti di queffe<\/title>\n<meta name=\"robots\" content=\"index, follow, max-snippet:-1, max-image-preview:large, max-video-preview:-1\" \/>\n<link rel=\"canonical\" href=\"https:\/\/queffe.it\/?page_id=517\" \/>\n<meta property=\"og:locale\" content=\"it_IT\" \/>\n<meta property=\"og:type\" content=\"article\" \/>\n<meta property=\"og:title\" content=\"Avvertenza - i racconti di queffe\" \/>\n<meta property=\"og:description\" content=\"Nelle pagine che seguono parler\u00f2 di voglia di vivere e di speranza, ma a partire da malattia e sofferenza. Parler\u00f2 anche di prevenzione, chieder\u00f2 al lettore di immedesimarsi nella condizione di malato e gli parler\u00f2 come se il mio modo di affrontare tutto questo, un giorno, potesse tornare utile anche a lui. Chiedo scusa a [&hellip;]\" \/>\n<meta property=\"og:url\" content=\"https:\/\/queffe.it\/?page_id=517\" \/>\n<meta property=\"og:site_name\" content=\"i racconti di queffe\" \/>\n<meta name=\"twitter:card\" content=\"summary_large_image\" \/>\n<meta name=\"twitter:label1\" content=\"Tempo di lettura stimato\" \/>\n\t<meta name=\"twitter:data1\" content=\"1 minuto\" \/>\n<script type=\"application\/ld+json\" class=\"yoast-schema-graph\">{\"@context\":\"https:\\\/\\\/schema.org\",\"@graph\":[{\"@type\":\"WebPage\",\"@id\":\"https:\\\/\\\/queffe.it\\\/?page_id=517\",\"url\":\"https:\\\/\\\/queffe.it\\\/?page_id=517\",\"name\":\"Avvertenza - i racconti di queffe\",\"isPartOf\":{\"@id\":\"https:\\\/\\\/queffe.it\\\/#website\"},\"datePublished\":\"2025-05-03T15:20:17+00:00\",\"breadcrumb\":{\"@id\":\"https:\\\/\\\/queffe.it\\\/?page_id=517#breadcrumb\"},\"inLanguage\":\"it-IT\",\"potentialAction\":[{\"@type\":\"ReadAction\",\"target\":[\"https:\\\/\\\/queffe.it\\\/?page_id=517\"]}]},{\"@type\":\"BreadcrumbList\",\"@id\":\"https:\\\/\\\/queffe.it\\\/?page_id=517#breadcrumb\",\"itemListElement\":[{\"@type\":\"ListItem\",\"position\":1,\"name\":\"Home\",\"item\":\"https:\\\/\\\/queffe.it\\\/\"},{\"@type\":\"ListItem\",\"position\":2,\"name\":\"Altro\",\"item\":\"https:\\\/\\\/queffe.it\\\/?page_id=54\"},{\"@type\":\"ListItem\",\"position\":3,\"name\":\"Multipatologico\",\"item\":\"https:\\\/\\\/queffe.it\\\/?page_id=388\"},{\"@type\":\"ListItem\",\"position\":4,\"name\":\"Avvertenza\"}]},{\"@type\":\"WebSite\",\"@id\":\"https:\\\/\\\/queffe.it\\\/#website\",\"url\":\"https:\\\/\\\/queffe.it\\\/\",\"name\":\"i racconti di queffe\",\"description\":\"un invito a far volare con me la tua fantasia... \",\"publisher\":{\"@id\":\"https:\\\/\\\/queffe.it\\\/#organization\"},\"potentialAction\":[{\"@type\":\"SearchAction\",\"target\":{\"@type\":\"EntryPoint\",\"urlTemplate\":\"https:\\\/\\\/queffe.it\\\/?s={search_term_string}\"},\"query-input\":{\"@type\":\"PropertyValueSpecification\",\"valueRequired\":true,\"valueName\":\"search_term_string\"}}],\"inLanguage\":\"it-IT\"},{\"@type\":\"Organization\",\"@id\":\"https:\\\/\\\/queffe.it\\\/#organization\",\"name\":\"i racconti di queffe\",\"url\":\"https:\\\/\\\/queffe.it\\\/\",\"logo\":{\"@type\":\"ImageObject\",\"inLanguage\":\"it-IT\",\"@id\":\"https:\\\/\\\/queffe.it\\\/#\\\/schema\\\/logo\\\/image\\\/\",\"url\":\"https:\\\/\\\/queffe.it\\\/wp-content\\\/uploads\\\/2025\\\/03\\\/22.png\",\"contentUrl\":\"https:\\\/\\\/queffe.it\\\/wp-content\\\/uploads\\\/2025\\\/03\\\/22.png\",\"width\":394,\"height\":358,\"caption\":\"i racconti di queffe\"},\"image\":{\"@id\":\"https:\\\/\\\/queffe.it\\\/#\\\/schema\\\/logo\\\/image\\\/\"}}]}<\/script>\n<!-- \/ Yoast SEO plugin. -->","yoast_head_json":{"title":"Avvertenza - i racconti di queffe","robots":{"index":"index","follow":"follow","max-snippet":"max-snippet:-1","max-image-preview":"max-image-preview:large","max-video-preview":"max-video-preview:-1"},"canonical":"https:\/\/queffe.it\/?page_id=517","og_locale":"it_IT","og_type":"article","og_title":"Avvertenza - i racconti di queffe","og_description":"Nelle pagine che seguono parler\u00f2 di voglia di vivere e di speranza, ma a partire da malattia e sofferenza. Parler\u00f2 anche di prevenzione, chieder\u00f2 al lettore di immedesimarsi nella condizione di malato e gli parler\u00f2 come se il mio modo di affrontare tutto questo, un giorno, potesse tornare utile anche a lui. Chiedo scusa a [&hellip;]","og_url":"https:\/\/queffe.it\/?page_id=517","og_site_name":"i racconti di queffe","twitter_card":"summary_large_image","twitter_misc":{"Tempo di lettura stimato":"1 minuto"},"schema":{"@context":"https:\/\/schema.org","@graph":[{"@type":"WebPage","@id":"https:\/\/queffe.it\/?page_id=517","url":"https:\/\/queffe.it\/?page_id=517","name":"Avvertenza - i racconti di queffe","isPartOf":{"@id":"https:\/\/queffe.it\/#website"},"datePublished":"2025-05-03T15:20:17+00:00","breadcrumb":{"@id":"https:\/\/queffe.it\/?page_id=517#breadcrumb"},"inLanguage":"it-IT","potentialAction":[{"@type":"ReadAction","target":["https:\/\/queffe.it\/?page_id=517"]}]},{"@type":"BreadcrumbList","@id":"https:\/\/queffe.it\/?page_id=517#breadcrumb","itemListElement":[{"@type":"ListItem","position":1,"name":"Home","item":"https:\/\/queffe.it\/"},{"@type":"ListItem","position":2,"name":"Altro","item":"https:\/\/queffe.it\/?page_id=54"},{"@type":"ListItem","position":3,"name":"Multipatologico","item":"https:\/\/queffe.it\/?page_id=388"},{"@type":"ListItem","position":4,"name":"Avvertenza"}]},{"@type":"WebSite","@id":"https:\/\/queffe.it\/#website","url":"https:\/\/queffe.it\/","name":"i racconti di queffe","description":"un invito a far volare con me la tua fantasia... ","publisher":{"@id":"https:\/\/queffe.it\/#organization"},"potentialAction":[{"@type":"SearchAction","target":{"@type":"EntryPoint","urlTemplate":"https:\/\/queffe.it\/?s={search_term_string}"},"query-input":{"@type":"PropertyValueSpecification","valueRequired":true,"valueName":"search_term_string"}}],"inLanguage":"it-IT"},{"@type":"Organization","@id":"https:\/\/queffe.it\/#organization","name":"i racconti di queffe","url":"https:\/\/queffe.it\/","logo":{"@type":"ImageObject","inLanguage":"it-IT","@id":"https:\/\/queffe.it\/#\/schema\/logo\/image\/","url":"https:\/\/queffe.it\/wp-content\/uploads\/2025\/03\/22.png","contentUrl":"https:\/\/queffe.it\/wp-content\/uploads\/2025\/03\/22.png","width":394,"height":358,"caption":"i racconti di queffe"},"image":{"@id":"https:\/\/queffe.it\/#\/schema\/logo\/image\/"}}]}},"jetpack_sharing_enabled":true,"_links":{"self":[{"href":"https:\/\/queffe.it\/index.php?rest_route=\/wp\/v2\/pages\/517","targetHints":{"allow":["GET"]}}],"collection":[{"href":"https:\/\/queffe.it\/index.php?rest_route=\/wp\/v2\/pages"}],"about":[{"href":"https:\/\/queffe.it\/index.php?rest_route=\/wp\/v2\/types\/page"}],"author":[{"embeddable":true,"href":"https:\/\/queffe.it\/index.php?rest_route=\/wp\/v2\/users\/1"}],"replies":[{"embeddable":true,"href":"https:\/\/queffe.it\/index.php?rest_route=%2Fwp%2Fv2%2Fcomments&post=517"}],"version-history":[{"count":5,"href":"https:\/\/queffe.it\/index.php?rest_route=\/wp\/v2\/pages\/517\/revisions"}],"predecessor-version":[{"id":523,"href":"https:\/\/queffe.it\/index.php?rest_route=\/wp\/v2\/pages\/517\/revisions\/523"}],"up":[{"embeddable":true,"href":"https:\/\/queffe.it\/index.php?rest_route=\/wp\/v2\/pages\/388"}],"wp:attachment":[{"href":"https:\/\/queffe.it\/index.php?rest_route=%2Fwp%2Fv2%2Fmedia&parent=517"}],"curies":[{"name":"wp","href":"https:\/\/api.w.org\/{rel}","templated":true}]}}